{"id":7966,"date":"2023-03-06T13:40:26","date_gmt":"2023-03-06T13:40:26","guid":{"rendered":"https:\/\/magazzinimanzanesi.it\/catalogo\/uncategorized\/eisenkopf-tpsce\/"},"modified":"2026-04-03T13:12:17","modified_gmt":"2026-04-03T13:12:17","slug":"eisenkopf-tpsce","status":"publish","type":"product","link":"https:\/\/magazzinimanzanesi.it\/de\/katalog\/fur-mobel\/kopfe\/eisenkopf-tpsce\/","title":{"rendered":"Senk-Flachkopf-H\u00fclse aus Eisen mit Innensechskant"},"content":{"rendered":"<h1>Blindbuchse mit Senk-Flachkopf und Innensechskant<\/h1>\n<p>&nbsp;<\/p>\n<h2>Senk-Flachkopf-H\u00fclse aus Eisen: F\u00fcr b\u00fcndige Verbindungen mit geringem Platzbedarf<\/h2>\n<p>Blindbuchse aus Eisen mit flachem Senkkopf und Innensechskant. Sie ist f\u00fcr stabile und sichere Verbindungen mit reduziertem Platzbedarf ausgelegt.<\/p>\n<h3>Senk-Flachkopf-H\u00fclse aus Eisen \u2013 Ma\u00dfe:<\/h3>\n<p>\u2022 Kopf-\u00d8: 12mm<br \/>\n\u2022 Schaft-\u00d8: 8 mm<br \/>\n\u2022 Schaftl\u00e4nge: 20mm (einschlie\u00dflich Buchse)<br \/>\n\u2022 Gewinde: M6<br \/>\n\u2022 Inbusschl\u00fcssel: 4mm<\/p>\n<p>&nbsp;<\/p>\n<p><strong>Oberfl\u00e4chen auf Anfrage:<\/strong><br \/>\n\u2022 br\u00fcniert<br \/>\n\u2022 wei\u00df verzinkt<br \/>\n\u2022 gelb verzinkt<br \/>\n\u2022 verzinkt schwarz<br \/>\n\u2022 vernickelt<\/p>\n","protected":false},"excerpt":{"rendered":"<p>Blindbuchse mit Senk-Flachkopf und Innensechskant &nbsp; Senk-Flachkopf-H\u00fclse aus Eisen: F\u00fcr b\u00fcndige Verbindungen mit geringem Platzbedarf Blindbuchse aus Eisen mit flachem Senkkopf und Innensechskant. Sie ist f\u00fcr stabile und sichere Verbindungen mit reduziertem Platzbedarf ausgelegt. Senk-Flachkopf-H\u00fclse aus Eisen \u2013 Ma\u00dfe: \u2022 Kopf-\u00d8: 12mm \u2022 Schaft-\u00d8: 8 mm \u2022 Schaftl\u00e4nge: 20mm (einschlie\u00dflich Buchse) \u2022 Gewinde: M6 \u2022 [&hellip;]<\/p>\n","protected":false},"featured_media":5764,"comment_status":"open","ping_status":"closed","template":"","meta":{"_acf_changed":false},"product_brand":[],"product_cat":[250,264],"product_tag":[693],"class_list":{"0":"post-7966","1":"product","2":"type-product","3":"status-publish","4":"has-post-thumbnail","6":"product_cat-fur-mobel","7":"product_cat-kopfe","8":"product_tag-eisenkopf-tpsce","10":"first","11":"instock","12":"shipping-taxable","13":"product-type-simple"},"acf":[],"_links":{"self":[{"href":"https:\/\/magazzinimanzanesi.it\/de\/wp-json\/wp\/v2\/product\/7966","targetHints":{"allow":["GET"]}}],"collection":[{"href":"https:\/\/magazzinimanzanesi.it\/de\/wp-json\/wp\/v2\/product"}],"about":[{"href":"https:\/\/magazzinimanzanesi.it\/de\/wp-json\/wp\/v2\/types\/product"}],"replies":[{"embeddable":true,"href":"https:\/\/magazzinimanzanesi.it\/de\/wp-json\/wp\/v2\/comments?post=7966"}],"wp:featuredmedia":[{"embeddable":true,"href":"https:\/\/magazzinimanzanesi.it\/de\/wp-json\/wp\/v2\/media\/5764"}],"wp:attachment":[{"href":"https:\/\/magazzinimanzanesi.it\/de\/wp-json\/wp\/v2\/media?parent=7966"}],"wp:term":[{"taxonomy":"product_brand","embeddable":true,"href":"https:\/\/magazzinimanzanesi.it\/de\/wp-json\/wp\/v2\/product_brand?post=7966"},{"taxonomy":"product_cat","embeddable":true,"href":"https:\/\/magazzinimanzanesi.it\/de\/wp-json\/wp\/v2\/product_cat?post=7966"},{"taxonomy":"product_tag","embeddable":true,"href":"https:\/\/magazzinimanzanesi.it\/de\/wp-json\/wp\/v2\/product_tag?post=7966"}],"curies":[{"name":"wp","href":"https:\/\/api.w.org\/{rel}","templated":true}]}}

Senk-Flachkopf-Hülse aus Eisen mit Innensechskant

<h1>Blindbuchse mit Senk-Flachkopf und Innensechskant</h1>
<p>&nbsp;</p>
<h2>Senk-Flachkopf-Hülse aus Eisen: Für bündige Verbindungen mit geringem Platzbedarf</h2>
<p>Blindbuchse aus Eisen mit flachem Senkkopf und Innensechskant. Sie ist für stabile und sichere Verbindungen mit reduziertem Platzbedarf ausgelegt.</p>
<h3>Senk-Flachkopf-Hülse aus Eisen – Maße:</h3>
<p>• Kopf-Ø: 12mm<br />
• Schaft-Ø: 8 mm<br />
• Schaftlänge: 20mm (einschließlich Buchse)<br />
• Gewinde: M6<br />
• Inbusschlüssel: 4mm</p>
<p>&nbsp;</p>
<p><strong>Oberflächen auf Anfrage:</strong><br />
• brüniert<br />
• weiß verzinkt<br />
• gelb verzinkt<br />
• verzinkt schwarz<br />
• vernickelt</p>

<p>Blindbuchse mit Senk-Flachkopf und Innensechskant &nbsp; Senk-Flachkopf-Hülse aus Eisen: Für bündige Verbindungen mit geringem Platzbedarf Blindbuchse aus Eisen mit flachem Senkkopf und Innensechskant. Sie ist für stabile und sichere Verbindungen mit reduziertem Platzbedarf ausgelegt. Senk-Flachkopf-Hülse aus Eisen – Maße: • Kopf-Ø: 12mm • Schaft-Ø: 8 mm • Schaftlänge: 20mm (einschließlich Buchse) • Gewinde: M6 • [&hellip;]</p>
