{"id":7969,"date":"2023-03-06T13:38:08","date_gmt":"2023-03-06T13:38:08","guid":{"rendered":"https:\/\/magazzinimanzanesi.it\/catalogo\/uncategorized\/eisenkopf-tbce\/"},"modified":"2026-04-03T13:13:59","modified_gmt":"2026-04-03T13:13:59","slug":"eisenkopf-tbce","status":"publish","type":"product","link":"https:\/\/magazzinimanzanesi.it\/de\/katalog\/fur-mobel\/kopfe\/eisenkopf-tbce\/","title":{"rendered":"Eisenkopf TBCE"},"content":{"rendered":"<h1>Sechskantkopf-Blindmuffe<\/h1>\n<p>&nbsp;<\/p>\n<h2>Eisenkopf TBCE: Gew\u00f6lbter Kopf<\/h2>\n<p>Verzinkter Eisenkopf mit gew\u00f6lbtem Kopf und Sechskant-Hohlpr\u00e4gung.<\/p>\n<p>Mit seinem Schaft mit Innengewinde, der dem metrischen ISO-Standard entspricht und eine glatte Au\u00dfenfl\u00e4che aufweist, ist dieses Befestigungsteil die perfekte L\u00f6sung, um die Anforderungen an das Anziehen zu erf\u00fcllen, ohne die \u00c4sthetik zu beeintr\u00e4chtigen. Der Kopf wird h\u00e4ufig als Ersatz f\u00fcr die Mutter verwendet und gew\u00e4hrleistet ein sicheres Anziehen von Schrauben, Bolzen und anderen Gewindeelementen.<\/p>\n<p>&nbsp;<\/p>\n<h3><strong>Eisenkopf TBCE &#8211; Abmessungen:<\/strong><\/h3>\n<p>\u2022 Kopf-\u00d8: 15mm<br \/>\n\u2022 Schaft-\u00d8: 8mm<br \/>\n\u2022 Schaftl\u00e4nge: 12mm \/ 17mm<br \/>\n\u2022 Gewinde: M6<br \/>\n\u2022 Inbusschl\u00fcssel: 5mm<\/p>\n<p>&nbsp;<\/p>\n<p><strong>Oberfl\u00e4chen auf Anfrage:<\/strong><br \/>\n\u2022 br\u00fcniert<br \/>\n\u2022 wei\u00df verzinkt<br \/>\n\u2022 verzinkt gelb<br \/>\n\u2022 verzinkt schwarz<br \/>\n\u2022 vernickelt<\/p>\n","protected":false},"excerpt":{"rendered":"<p>Sechskantkopf-Blindmuffe &nbsp; Eisenkopf TBCE: Gew\u00f6lbter Kopf Verzinkter Eisenkopf mit gew\u00f6lbtem Kopf und Sechskant-Hohlpr\u00e4gung. Mit seinem Schaft mit Innengewinde, der dem metrischen ISO-Standard entspricht und eine glatte Au\u00dfenfl\u00e4che aufweist, ist dieses Befestigungsteil die perfekte L\u00f6sung, um die Anforderungen an das Anziehen zu erf\u00fcllen, ohne die \u00c4sthetik zu beeintr\u00e4chtigen. Der Kopf wird h\u00e4ufig als Ersatz f\u00fcr die [&hellip;]<\/p>\n","protected":false},"featured_media":5724,"comment_status":"open","ping_status":"closed","template":"","meta":{"_acf_changed":false},"product_brand":[],"product_cat":[250,264],"product_tag":[696],"class_list":{"0":"post-7969","1":"product","2":"type-product","3":"status-publish","4":"has-post-thumbnail","6":"product_cat-fur-mobel","7":"product_cat-kopfe","8":"product_tag-eisenkopf-tbce","10":"first","11":"instock","12":"shipping-taxable","13":"product-type-simple"},"acf":[],"_links":{"self":[{"href":"https:\/\/magazzinimanzanesi.it\/de\/wp-json\/wp\/v2\/product\/7969","targetHints":{"allow":["GET"]}}],"collection":[{"href":"https:\/\/magazzinimanzanesi.it\/de\/wp-json\/wp\/v2\/product"}],"about":[{"href":"https:\/\/magazzinimanzanesi.it\/de\/wp-json\/wp\/v2\/types\/product"}],"replies":[{"embeddable":true,"href":"https:\/\/magazzinimanzanesi.it\/de\/wp-json\/wp\/v2\/comments?post=7969"}],"wp:featuredmedia":[{"embeddable":true,"href":"https:\/\/magazzinimanzanesi.it\/de\/wp-json\/wp\/v2\/media\/5724"}],"wp:attachment":[{"href":"https:\/\/magazzinimanzanesi.it\/de\/wp-json\/wp\/v2\/media?parent=7969"}],"wp:term":[{"taxonomy":"product_brand","embeddable":true,"href":"https:\/\/magazzinimanzanesi.it\/de\/wp-json\/wp\/v2\/product_brand?post=7969"},{"taxonomy":"product_cat","embeddable":true,"href":"https:\/\/magazzinimanzanesi.it\/de\/wp-json\/wp\/v2\/product_cat?post=7969"},{"taxonomy":"product_tag","embeddable":true,"href":"https:\/\/magazzinimanzanesi.it\/de\/wp-json\/wp\/v2\/product_tag?post=7969"}],"curies":[{"name":"wp","href":"https:\/\/api.w.org\/{rel}","templated":true}]}}

<h1>Sechskantkopf-Blindmuffe</h1>
<p>&nbsp;</p>
<h2>Eisenkopf TBCE: Gewölbter Kopf</h2>
<p>Verzinkter Eisenkopf mit gewölbtem Kopf und Sechskant-Hohlprägung.</p>
<p>Mit seinem Schaft mit Innengewinde, der dem metrischen ISO-Standard entspricht und eine glatte Außenfläche aufweist, ist dieses Befestigungsteil die perfekte Lösung, um die Anforderungen an das Anziehen zu erfüllen, ohne die Ästhetik zu beeinträchtigen. Der Kopf wird häufig als Ersatz für die Mutter verwendet und gewährleistet ein sicheres Anziehen von Schrauben, Bolzen und anderen Gewindeelementen.</p>
<p>&nbsp;</p>
<h3><strong>Eisenkopf TBCE &#8211; Abmessungen:</strong></h3>
<p>• Kopf-Ø: 15mm<br />
• Schaft-Ø: 8mm<br />
• Schaftlänge: 12mm / 17mm<br />
• Gewinde: M6<br />
• Inbusschlüssel: 5mm</p>
<p>&nbsp;</p>
<p><strong>Oberflächen auf Anfrage:</strong><br />
• brüniert<br />
• weiß verzinkt<br />
• verzinkt gelb<br />
• verzinkt schwarz<br />
• vernickelt</p>

<p>Sechskantkopf-Blindmuffe &nbsp; Eisenkopf TBCE: Gewölbter Kopf Verzinkter Eisenkopf mit gewölbtem Kopf und Sechskant-Hohlprägung. Mit seinem Schaft mit Innengewinde, der dem metrischen ISO-Standard entspricht und eine glatte Außenfläche aufweist, ist dieses Befestigungsteil die perfekte Lösung, um die Anforderungen an das Anziehen zu erfüllen, ohne die Ästhetik zu beeinträchtigen. Der Kopf wird häufig als Ersatz für die [&hellip;]</p>
