{"id":7972,"date":"2023-03-06T13:34:40","date_gmt":"2023-03-06T13:34:40","guid":{"rendered":"https:\/\/magazzinimanzanesi.it\/catalogo\/uncategorized\/tt-eisenkopf\/"},"modified":"2026-04-03T13:14:49","modified_gmt":"2026-04-03T13:14:49","slug":"tt-eisenkopf","status":"publish","type":"product","link":"https:\/\/magazzinimanzanesi.it\/de\/katalog\/fur-mobel\/kopfe\/tt-eisenkopf\/","title":{"rendered":"TT Eisenkopf"},"content":{"rendered":"<h1>Rundkopf-Blindbuchse<\/h1>\n<p>&nbsp;<\/p>\n<h2>Eisen TT Rundkopf<\/h2>\n<p>Verzinkter Eisenkopf mit rundem Kopf.<\/p>\n<p>Der Innengewindeschaft mit metrischem ISO-Gewinde und die glatte Au\u00dfenfl\u00e4che machen dieses Befestigungselement zur optimalen Wahl f\u00fcr Situationen, in denen eine pr\u00e4zise Klemmung erforderlich ist, ohne die \u00c4sthetik zu beeintr\u00e4chtigen. Der Kopf, der in der Regel die Mutter ersetzt, gew\u00e4hrleistet eine sichere Klemmung von Schrauben, Bolzen und anderen Gewindeelementen.<\/p>\n<p>&nbsp;<\/p>\n<h3><strong>TT-Eisenkopf &#8211; Abmessungen:<\/strong><\/h3>\n<p>\u2022 Kopf-\u00d8: 13mm<br \/>\n\u2022 Schaft-\u00d8: 8mm<br \/>\n\u2022 L\u00e4nge des Schafts: 12 mm<br \/>\n\u2022 Gewinde: M6<\/p>\n<p>&nbsp;<\/p>\n<p><strong>Oberfl\u00e4chenbehandlung auf Anfrage:<\/strong><br \/>\n\u2022 br\u00fcniert<br \/>\n\u2022 wei\u00df verzinkt<br \/>\n\u2022 gelb verzinkt<br \/>\n\u2022 verzinkt schwarz<br \/>\n\u2022 vernickelt<\/p>\n","protected":false},"excerpt":{"rendered":"<p>Rundkopf-Blindbuchse &nbsp; Eisen TT Rundkopf Verzinkter Eisenkopf mit rundem Kopf. Der Innengewindeschaft mit metrischem ISO-Gewinde und die glatte Au\u00dfenfl\u00e4che machen dieses Befestigungselement zur optimalen Wahl f\u00fcr Situationen, in denen eine pr\u00e4zise Klemmung erforderlich ist, ohne die \u00c4sthetik zu beeintr\u00e4chtigen. Der Kopf, der in der Regel die Mutter ersetzt, gew\u00e4hrleistet eine sichere Klemmung von Schrauben, Bolzen [&hellip;]<\/p>\n","protected":false},"featured_media":5784,"comment_status":"open","ping_status":"closed","template":"","meta":{"_acf_changed":false},"product_brand":[],"product_cat":[250,264],"product_tag":[699],"class_list":{"0":"post-7972","1":"product","2":"type-product","3":"status-publish","4":"has-post-thumbnail","6":"product_cat-fur-mobel","7":"product_cat-kopfe","8":"product_tag-tt-eisenkopf","10":"first","11":"instock","12":"shipping-taxable","13":"product-type-simple"},"acf":[],"_links":{"self":[{"href":"https:\/\/magazzinimanzanesi.it\/de\/wp-json\/wp\/v2\/product\/7972","targetHints":{"allow":["GET"]}}],"collection":[{"href":"https:\/\/magazzinimanzanesi.it\/de\/wp-json\/wp\/v2\/product"}],"about":[{"href":"https:\/\/magazzinimanzanesi.it\/de\/wp-json\/wp\/v2\/types\/product"}],"replies":[{"embeddable":true,"href":"https:\/\/magazzinimanzanesi.it\/de\/wp-json\/wp\/v2\/comments?post=7972"}],"wp:featuredmedia":[{"embeddable":true,"href":"https:\/\/magazzinimanzanesi.it\/de\/wp-json\/wp\/v2\/media\/5784"}],"wp:attachment":[{"href":"https:\/\/magazzinimanzanesi.it\/de\/wp-json\/wp\/v2\/media?parent=7972"}],"wp:term":[{"taxonomy":"product_brand","embeddable":true,"href":"https:\/\/magazzinimanzanesi.it\/de\/wp-json\/wp\/v2\/product_brand?post=7972"},{"taxonomy":"product_cat","embeddable":true,"href":"https:\/\/magazzinimanzanesi.it\/de\/wp-json\/wp\/v2\/product_cat?post=7972"},{"taxonomy":"product_tag","embeddable":true,"href":"https:\/\/magazzinimanzanesi.it\/de\/wp-json\/wp\/v2\/product_tag?post=7972"}],"curies":[{"name":"wp","href":"https:\/\/api.w.org\/{rel}","templated":true}]}}

<h1>Rundkopf-Blindbuchse</h1>
<p>&nbsp;</p>
<h2>Eisen TT Rundkopf</h2>
<p>Verzinkter Eisenkopf mit rundem Kopf.</p>
<p>Der Innengewindeschaft mit metrischem ISO-Gewinde und die glatte Außenfläche machen dieses Befestigungselement zur optimalen Wahl für Situationen, in denen eine präzise Klemmung erforderlich ist, ohne die Ästhetik zu beeinträchtigen. Der Kopf, der in der Regel die Mutter ersetzt, gewährleistet eine sichere Klemmung von Schrauben, Bolzen und anderen Gewindeelementen.</p>
<p>&nbsp;</p>
<h3><strong>TT-Eisenkopf &#8211; Abmessungen:</strong></h3>
<p>• Kopf-Ø: 13mm<br />
• Schaft-Ø: 8mm<br />
• Länge des Schafts: 12 mm<br />
• Gewinde: M6</p>
<p>&nbsp;</p>
<p><strong>Oberflächenbehandlung auf Anfrage:</strong><br />
• brüniert<br />
• weiß verzinkt<br />
• gelb verzinkt<br />
• verzinkt schwarz<br />
• vernickelt</p>

<p>Rundkopf-Blindbuchse &nbsp; Eisen TT Rundkopf Verzinkter Eisenkopf mit rundem Kopf. Der Innengewindeschaft mit metrischem ISO-Gewinde und die glatte Außenfläche machen dieses Befestigungselement zur optimalen Wahl für Situationen, in denen eine präzise Klemmung erforderlich ist, ohne die Ästhetik zu beeinträchtigen. Der Kopf, der in der Regel die Mutter ersetzt, gewährleistet eine sichere Klemmung von Schrauben, Bolzen [&hellip;]</p>
